{"id":3753,"date":"2018-12-18T08:18:06","date_gmt":"2018-12-18T08:18:06","guid":{"rendered":"https:\/\/imkerverein.haubenschild.de\/?page_id=3753"},"modified":"2018-12-18T08:21:04","modified_gmt":"2018-12-18T08:21:04","slug":"wer-hilft-bei-bienenschwarmen","status":"publish","type":"page","link":"https:\/\/imkerverein-wilnsdorf.de\/?page_id=3753","title":{"rendered":"Wer hilft bei Bienenschw\u00e4rmen?"},"content":{"rendered":"<div  class=\"tatsu-fyaz0oxp9b3isk6u tatsu-section    tatsu-clearfix\" data-title=\"\"  data-headerscheme=\"background--dark\"><div class='tatsu-section-pad clearfix' data-padding='{\"d\":\"90px 0px 90px 0px\"}' data-padding-top='90px'><div class=\"tatsu-row-wrap  tatsu-wrap tatsu-row-one-col tatsu-row-has-one-cols tatsu-medium-gutter tatsu-reg-cols  tatsu-clearfix tatsu-fyaz0oxpb7dx22j1\" ><div  class=\"tatsu-row \" ><div  class=\"tatsu-column  tatsu-column-no-bg tatsu-one-col tatsu-column-image-none tatsu-column-effect-none  tatsu-fyaz0oxpck3b8mh7\" data-animation=\"fadeIn\"   data-parallax-speed=\"0\" style=\"\"><div class=\"tatsu-column-inner \" ><div class=\"tatsu-column-pad-wrap\"><div class=\"tatsu-column-pad\" ><div  class=\"tatsu-module tatsu-text-block-wrap tatsu-fyaz0oxpe6917eg2  \"><div class=\"tatsu-text-inner tatsu-align-center  clearfix\" data-animation=\"fadeIn\"  ><style>.tatsu-fyaz0oxpe6917eg2.tatsu-text-block-wrap .tatsu-text-inner{width: 100%;text-align: left;}.tatsu-fyaz0oxpe6917eg2.tatsu-text-block-wrap{margin: 0px 0px 0px 0px;}<\/style><p><\/p>\n<p>Im Fr\u00fchjahr kommt es h\u00e4ufig vor, dass die alte Bienenk\u00f6nigin von der jungen K\u00f6nigin aus dem Bienenstock vertrieben wird &#8211;\u00a0sie schw\u00e4rmt aus. Ihr folgen dann fast die H\u00e4lfte der Arbeiterinnen. Dieser Schwarm l\u00e4sst sich oft an B\u00e4umen, Hausfassaden\u00a0oder Hohlr\u00e4umen nieder. Das Ausschw\u00e4rmen ist ist ein spektakul\u00e4res Naturph\u00e4nomen.<\/p>\n<p><\/p>\n<p><\/p>\n<p><\/p><\/div><\/div><div  class=\"justified-gallery-outer-wrap oshine-module  tatsu-B1LnpXUeV   \" ><div class=\" justified-gallery-inner-wrap \" data-action=\"get_be_justified_gallery_with_pagination\" data-paged=\"1\" data-source='{\"source\":\"selected\",\"account_name\":\"\",\"count\":\"\",\"col\":\"two\",\"masonry\":1}' data-images-array=\"3756,3619,3620,3618,3616,3614\" data-items-per-load=\"9\" data-hover-style=\"style1-hover\" data-image-grayscale=\"c_to_c\" data-image-effect=\"zoom-in\" data-thumb-overlay-color=\"\" data-grad-style-color=\"\" data-like-button=\"1\" data-disable-overlay=\"0\" ><div class=\" justified-gallery clickable clearfix be-photoswipe-gallery init-slide-top\" data-gutter-width=\"5\" data-image-height=\"200\"  ><div class=\"element be-hoverlay not-wide style1-hover c_to_c jg-entry-visible\"><div class=\"element-inner zoom-in-effect\"><a href=\"https:\/\/imkerverein-wilnsdorf.de\/wp-content\/uploads\/2018\/12\/IMG_4328.jpg\" data-size=\"1024x1365\" data-href=\"https:\/\/imkerverein-wilnsdorf.de\/wp-content\/uploads\/2018\/12\/IMG_4328.jpg\" class=\"thumb-wrap\" title=\"\"><div class=\"flip-img-wrap\"><img class = \"thumb-img\" height = \"1365\" width = \"1024\" src = \"https:\/\/imkerverein-wilnsdorf.de\/wp-content\/uploads\/2018\/12\/IMG_4328-1000x1333.jpg\" title = \"IMG_4328\" \/><\/div><div class=\"thumb-overlay\"><div class=\"thumb-bg\" ><div class=\"thumb-title-wrap display-table-cell vertical-align-middle align-center fadeIn animated\"><\/div><\/div><\/div><\/a><\/div><div class=\"caption\"><\/div><\/div><div class=\"element be-hoverlay not-wide style1-hover c_to_c jg-entry-visible\"><div class=\"element-inner zoom-in-effect\"><a href=\"https:\/\/imkerverein-wilnsdorf.de\/wp-content\/uploads\/Galerie\/Schw\u00e4rme\/img_3603.jpg\" data-size=\"600x800\" data-href=\"https:\/\/imkerverein-wilnsdorf.de\/wp-content\/uploads\/Galerie\/Schw\u00e4rme\/img_3603.jpg\" class=\"thumb-wrap\" title=\"\"><div class=\"flip-img-wrap\"><img class = \"thumb-img\" height = \"800\" width = \"600\" src = \"https:\/\/imkerverein-wilnsdorf.de\/wp-content\/uploads\/Galerie\/Schw\u00e4rme\/img_3603.jpg\" title = \"img_3603\" \/><\/div><div class=\"thumb-overlay\"><div class=\"thumb-bg\" ><div class=\"thumb-title-wrap display-table-cell vertical-align-middle align-center fadeIn animated\"><\/div><\/div><\/div><\/a><\/div><div class=\"caption\"><\/div><\/div><div class=\"element be-hoverlay not-wide style1-hover c_to_c jg-entry-visible\"><div class=\"element-inner zoom-in-effect\"><a href=\"https:\/\/imkerverein-wilnsdorf.de\/wp-content\/uploads\/Galerie\/Schw\u00e4rme\/img_4313.jpg\" data-size=\"600x800\" data-href=\"https:\/\/imkerverein-wilnsdorf.de\/wp-content\/uploads\/Galerie\/Schw\u00e4rme\/img_4313.jpg\" class=\"thumb-wrap\" title=\"\"><div class=\"flip-img-wrap\"><img class = \"thumb-img\" height = \"800\" width = \"600\" src = \"https:\/\/imkerverein-wilnsdorf.de\/wp-content\/uploads\/Galerie\/Schw\u00e4rme\/img_4313.jpg\" title = \"img_4313\" \/><\/div><div class=\"thumb-overlay\"><div class=\"thumb-bg\" ><div class=\"thumb-title-wrap display-table-cell vertical-align-middle align-center fadeIn animated\"><\/div><\/div><\/div><\/a><\/div><div class=\"caption\"><\/div><\/div><div class=\"element be-hoverlay not-wide style1-hover c_to_c jg-entry-visible\"><div class=\"element-inner zoom-in-effect\"><a href=\"https:\/\/imkerverein-wilnsdorf.de\/wp-content\/uploads\/Galerie\/Schw\u00e4rme\/img_0267.jpg\" data-size=\"600x800\" data-href=\"https:\/\/imkerverein-wilnsdorf.de\/wp-content\/uploads\/Galerie\/Schw\u00e4rme\/img_0267.jpg\" class=\"thumb-wrap\" title=\"\"><div class=\"flip-img-wrap\"><img class = \"thumb-img\" height = \"800\" width = \"600\" src = \"https:\/\/imkerverein-wilnsdorf.de\/wp-content\/uploads\/Galerie\/Schw\u00e4rme\/img_0267.jpg\" title = \"img_0267\" \/><\/div><div class=\"thumb-overlay\"><div class=\"thumb-bg\" ><div class=\"thumb-title-wrap display-table-cell vertical-align-middle align-center fadeIn animated\"><\/div><\/div><\/div><\/a><\/div><div class=\"caption\"><\/div><\/div><div class=\"element be-hoverlay not-wide style1-hover c_to_c jg-entry-visible\"><div class=\"element-inner zoom-in-effect\"><a href=\"https:\/\/imkerverein-wilnsdorf.de\/wp-content\/uploads\/Galerie\/Schw\u00e4rme\/img_0256.jpg\" data-size=\"1066x800\" data-href=\"https:\/\/imkerverein-wilnsdorf.de\/wp-content\/uploads\/Galerie\/Schw\u00e4rme\/img_0256.jpg\" class=\"thumb-wrap\" title=\"\"><div class=\"flip-img-wrap\"><img class = \"thumb-img\" height = \"800\" width = \"1066\" src = \"https:\/\/imkerverein-wilnsdorf.de\/wp-content\/uploads\/Galerie\/Schw\u00e4rme\/img_0256-1000x750.jpg\" title = \"img_0256\" \/><\/div><div class=\"thumb-overlay\"><div class=\"thumb-bg\" ><div class=\"thumb-title-wrap display-table-cell vertical-align-middle align-center fadeIn animated\"><\/div><\/div><\/div><\/a><\/div><div class=\"caption\"><\/div><\/div><div class=\"element be-hoverlay not-wide style1-hover c_to_c jg-entry-visible\"><div class=\"element-inner zoom-in-effect\"><a href=\"https:\/\/imkerverein-wilnsdorf.de\/wp-content\/uploads\/Galerie\/Schw\u00e4rme\/bienen-004.jpg\" data-size=\"1066x800\" data-href=\"https:\/\/imkerverein-wilnsdorf.de\/wp-content\/uploads\/Galerie\/Schw\u00e4rme\/bienen-004.jpg\" class=\"thumb-wrap\" title=\"\"><div class=\"flip-img-wrap\"><img class = \"thumb-img\" height = \"800\" width = \"1066\" src = \"https:\/\/imkerverein-wilnsdorf.de\/wp-content\/uploads\/Galerie\/Schw\u00e4rme\/bienen-004-1000x750.jpg\" title = \"bienen-004\" \/><\/div><div class=\"thumb-overlay\"><div class=\"thumb-bg\" ><div class=\"thumb-title-wrap display-table-cell vertical-align-middle align-center fadeIn animated\"><\/div><\/div><\/div><\/a><\/div><div class=\"caption\"><\/div><\/div><\/div><\/div><\/div><div  class=\"tatsu-module tatsu-text-block-wrap tatsu-SJm9p7LeN  \"><div class=\"tatsu-text-inner tatsu-align-center  clearfix\" data-animation=\"fadeIn\"  ><style>.tatsu-SJm9p7LeN.tatsu-text-block-wrap .tatsu-text-inner{width: 100%;text-align: left;}<\/style><p>Als Imker raten wir Ihnen dringend davon ab, wenn Sie einen Schwarm im Garten entdecken, selbst etwas dagegen zu\u00a0unternehmen. Kontaktieren Sie daher besser einen Imker. Unsere Vereinsmitglieder stehen Ihnen gerne mit Rat und Tat\u00a0zur Seite.<\/p><\/div><\/div><\/div><\/div><div class = \"tatsu-column-bg-image-wrap\"><div class = \"tatsu-column-bg-image\" ><\/div><\/div><\/div><style>.tatsu-row > .tatsu-fyaz0oxpck3b8mh7.tatsu-column{width: 100%;}.tatsu-fyaz0oxpck3b8mh7.tatsu-column > .tatsu-column-inner > .tatsu-column-overlay{mix-blend-mode: none;}.tatsu-fyaz0oxpck3b8mh7 > .tatsu-column-inner > .tatsu-top-divider{z-index: 9999;}.tatsu-fyaz0oxpck3b8mh7 > .tatsu-column-inner > .tatsu-bottom-divider{z-index: 9999;}.tatsu-fyaz0oxpck3b8mh7 > .tatsu-column-inner > .tatsu-left-divider{z-index: 9999;}.tatsu-fyaz0oxpck3b8mh7 > .tatsu-column-inner > .tatsu-right-divider{z-index: 9999;}.tatsu-fyaz0oxpck3b8mh7.tatsu-column{transform: translate3d(0px,0px, 0);}<\/style><\/div><\/div><\/div><\/div><div class=\"tatsu-section-background-wrap\"><div class = \"tatsu-section-background\" ><\/div><\/div><style>.tatsu-fyaz0oxp9b3isk6u .tatsu-section-pad{padding: 90px 0px 90px 0px;}.tatsu-fyaz0oxp9b3isk6u > .tatsu-bottom-divider{z-index: 9999;}.tatsu-fyaz0oxp9b3isk6u > .tatsu-top-divider{z-index: 9999;}<\/style><\/div>","protected":false},"excerpt":{"rendered":"<p><a href=\"https:\/\/imkerverein-wilnsdorf.de\/?page_id=3753\" class=\"more-link style1-button\">Weiterlesen<\/a><\/p>\n","protected":false},"author":1,"featured_media":0,"parent":3688,"menu_order":0,"comment_status":"closed","ping_status":"closed","template":"","meta":[],"_links":{"self":[{"href":"https:\/\/imkerverein-wilnsdorf.de\/index.php?rest_route=\/wp\/v2\/pages\/3753"}],"collection":[{"href":"https:\/\/imkerverein-wilnsdorf.de\/index.php?rest_route=\/wp\/v2\/pages"}],"about":[{"href":"https:\/\/imkerverein-wilnsdorf.de\/index.php?rest_route=\/wp\/v2\/types\/page"}],"author":[{"embeddable":true,"href":"https:\/\/imkerverein-wilnsdorf.de\/index.php?rest_route=\/wp\/v2\/users\/1"}],"replies":[{"embeddable":true,"href":"https:\/\/imkerverein-wilnsdorf.de\/index.php?rest_route=%2Fwp%2Fv2%2Fcomments&post=3753"}],"version-history":[{"count":2,"href":"https:\/\/imkerverein-wilnsdorf.de\/index.php?rest_route=\/wp\/v2\/pages\/3753\/revisions"}],"predecessor-version":[{"id":3757,"href":"https:\/\/imkerverein-wilnsdorf.de\/index.php?rest_route=\/wp\/v2\/pages\/3753\/revisions\/3757"}],"up":[{"embeddable":true,"href":"https:\/\/imkerverein-wilnsdorf.de\/index.php?rest_route=\/wp\/v2\/pages\/3688"}],"wp:attachment":[{"href":"https:\/\/imkerverein-wilnsdorf.de\/index.php?rest_route=%2Fwp%2Fv2%2Fmedia&parent=3753"}],"curies":[{"name":"wp","href":"https:\/\/api.w.org\/{rel}","templated":true}]}}