{"id":3740,"date":"2018-12-18T08:03:43","date_gmt":"2018-12-18T08:03:43","guid":{"rendered":"https:\/\/imkerverein.haubenschild.de\/?page_id=3740"},"modified":"2018-12-18T08:03:44","modified_gmt":"2018-12-18T08:03:44","slug":"tipps-zum-bienenkauf","status":"publish","type":"page","link":"https:\/\/imkerverein-wilnsdorf.de\/?page_id=3740","title":{"rendered":"Tipps zum Bienenkauf"},"content":{"rendered":"\n<p>Nachdem Sie aufmerksam das Kapitel Bienengesundheit studiert haben, sollte sp\u00e4testens jetzt jedem klar sein, da\u00df der Kauf von Bienenv\u00f6lkern beim befreundeten Imker von nebenan und auch bei fremden Imkern mit ganz erheblichen Risiken behaftet ist.<\/p>\n\n\n\n<p>Die blo\u00dfe Aussage, da\u00df die Bienen gesund und vital sind, bedeutet weniger als nichts.<\/p>\n\n\n\n<p><strong>Denn<\/strong>:<br>Bienenkrankheiten k\u00f6nnen nicht einmal durch ein Gesundheitszeugnis der Veterin\u00e4rbeh\u00f6rde v\u00f6llig ausgeschlossen werden.<\/p>\n\n\n\n<p>Erst die mikrobiologische Futterkranzuntersuchung des zu erwerbenden Volkes gibt einen einigerma\u00dfen sicheren Aufschlu\u00df \u00fcber die Risiken.<\/p>\n\n\n\n<p>Schlie\u00dflich werden Sie dieses gekaufte Volk an einen Platz in Ihrer N\u00e4he stellen und damit k\u00f6nnten alle umliegenden Bienenv\u00f6lker angesteckt werden.<\/p>\n\n\n\n<p><strong>Also:<\/strong><br>In Ihrem Interesse und dem Ihres Imkernachbarn:<\/p>\n\n\n\n<p>Lassen Sie sich &#8212;&#8211; vor einem Kauf &#8212;&#8211; eingehend von einem Bienensachverst\u00e4ndigen beraten.<\/p>\n\n\n\n<p>Diese stehen dazu gerne zur Verf\u00fcgung.<\/p>\n","protected":false},"excerpt":{"rendered":"<p>Nachdem Sie aufmerksam das Kapitel Bienengesundheit studiert haben, sollte sp\u00e4testens jetzt jedem klar sein, da\u00df der Kauf von Bienenv\u00f6lkern beim befreundeten Imker von nebenan und auch bei fremden Imkern mit [&hellip;]<\/p>\n<p><a href=\"https:\/\/imkerverein-wilnsdorf.de\/?page_id=3740\" class=\"more-link style1-button\">Weiterlesen<\/a><\/p>\n","protected":false},"author":1,"featured_media":0,"parent":3729,"menu_order":0,"comment_status":"closed","ping_status":"closed","template":"","meta":[],"_links":{"self":[{"href":"https:\/\/imkerverein-wilnsdorf.de\/index.php?rest_route=\/wp\/v2\/pages\/3740"}],"collection":[{"href":"https:\/\/imkerverein-wilnsdorf.de\/index.php?rest_route=\/wp\/v2\/pages"}],"about":[{"href":"https:\/\/imkerverein-wilnsdorf.de\/index.php?rest_route=\/wp\/v2\/types\/page"}],"author":[{"embeddable":true,"href":"https:\/\/imkerverein-wilnsdorf.de\/index.php?rest_route=\/wp\/v2\/users\/1"}],"replies":[{"embeddable":true,"href":"https:\/\/imkerverein-wilnsdorf.de\/index.php?rest_route=%2Fwp%2Fv2%2Fcomments&post=3740"}],"version-history":[{"count":1,"href":"https:\/\/imkerverein-wilnsdorf.de\/index.php?rest_route=\/wp\/v2\/pages\/3740\/revisions"}],"predecessor-version":[{"id":3741,"href":"https:\/\/imkerverein-wilnsdorf.de\/index.php?rest_route=\/wp\/v2\/pages\/3740\/revisions\/3741"}],"up":[{"embeddable":true,"href":"https:\/\/imkerverein-wilnsdorf.de\/index.php?rest_route=\/wp\/v2\/pages\/3729"}],"wp:attachment":[{"href":"https:\/\/imkerverein-wilnsdorf.de\/index.php?rest_route=%2Fwp%2Fv2%2Fmedia&parent=3740"}],"curies":[{"name":"wp","href":"https:\/\/api.w.org\/{rel}","templated":true}]}}