{"id":3719,"date":"2018-12-18T07:49:52","date_gmt":"2018-12-18T07:49:52","guid":{"rendered":"https:\/\/imkerverein.haubenschild.de\/?page_id=3719"},"modified":"2018-12-18T07:49:53","modified_gmt":"2018-12-18T07:49:53","slug":"anmeldung-von-bienenvolkern","status":"publish","type":"page","link":"https:\/\/imkerverein-wilnsdorf.de\/?page_id=3719","title":{"rendered":"Anmeldung von Bienenv\u00f6lkern"},"content":{"rendered":"\n<p>Beginnt jemand die Haltung von Bienenv\u00f6lkern (auch bei nur einem Bienenvolk), ist die Person verpflichtet, dies dem zust\u00e4ndigen Kreisveterin\u00e4ramt und der Tierseuchenkasse des Bundeslandes anzuzeigen (\u00a71 a der Bienenseuchen-Verordnung).<\/p>\n\n\n\n<p>Dabei k\u00f6nnen folgende Formulare in unserem Kreisgebiet helfen:<\/p>\n\n\n\n<ul><li><a rel=\"noreferrer noopener\" aria-label=\"Neuanmeldung Tierseuchenkasse\u2028Anzeige Bienenhaltung Kreisveterin\u00e4ramt (opens in a new tab)\" href=\"https:\/\/www.landwirtschaftskammer.de\/landwirtschaft\/tierseuchenkasse\/pdf\/neuanmeldung-pdf.pdf\" target=\"_blank\">Neuanmeldung Tierseuchenkasse<\/a><\/li><li><a href=\"https:\/\/www.siegen-wittgenstein.de\/media\/custom\/2170_83_1.PDF?1535447827\" target=\"_blank\" rel=\"noreferrer noopener\" aria-label=\"Neuanmeldung Tierseuchenkasse\u2028Anzeige Bienenhaltung Kreisveterin\u00e4ramt (opens in a new tab)\">Anzeige Bienenhaltung Kreisveterin\u00e4ramt<\/a><\/li><\/ul>\n\n\n\n<p>Der Imker oder die Imkerin bekommt dann eine Betriebsnummer von der Tierseuchenkasse zugeteilt und kann dann in Zukunft die j\u00e4hrliche Meldung der Zahl der Bienenv\u00f6lker online oder per Brief vornehmen.<\/p>\n","protected":false},"excerpt":{"rendered":"<p>Beginnt jemand die Haltung von Bienenv\u00f6lkern (auch bei nur einem Bienenvolk), ist die Person verpflichtet, dies dem zust\u00e4ndigen Kreisveterin\u00e4ramt und der Tierseuchenkasse des Bundeslandes anzuzeigen (\u00a71 a der Bienenseuchen-Verordnung). Dabei [&hellip;]<\/p>\n<p><a href=\"https:\/\/imkerverein-wilnsdorf.de\/?page_id=3719\" class=\"more-link style1-button\">Weiterlesen<\/a><\/p>\n","protected":false},"author":1,"featured_media":0,"parent":3703,"menu_order":0,"comment_status":"closed","ping_status":"closed","template":"","meta":[],"_links":{"self":[{"href":"https:\/\/imkerverein-wilnsdorf.de\/index.php?rest_route=\/wp\/v2\/pages\/3719"}],"collection":[{"href":"https:\/\/imkerverein-wilnsdorf.de\/index.php?rest_route=\/wp\/v2\/pages"}],"about":[{"href":"https:\/\/imkerverein-wilnsdorf.de\/index.php?rest_route=\/wp\/v2\/types\/page"}],"author":[{"embeddable":true,"href":"https:\/\/imkerverein-wilnsdorf.de\/index.php?rest_route=\/wp\/v2\/users\/1"}],"replies":[{"embeddable":true,"href":"https:\/\/imkerverein-wilnsdorf.de\/index.php?rest_route=%2Fwp%2Fv2%2Fcomments&post=3719"}],"version-history":[{"count":1,"href":"https:\/\/imkerverein-wilnsdorf.de\/index.php?rest_route=\/wp\/v2\/pages\/3719\/revisions"}],"predecessor-version":[{"id":3720,"href":"https:\/\/imkerverein-wilnsdorf.de\/index.php?rest_route=\/wp\/v2\/pages\/3719\/revisions\/3720"}],"up":[{"embeddable":true,"href":"https:\/\/imkerverein-wilnsdorf.de\/index.php?rest_route=\/wp\/v2\/pages\/3703"}],"wp:attachment":[{"href":"https:\/\/imkerverein-wilnsdorf.de\/index.php?rest_route=%2Fwp%2Fv2%2Fmedia&parent=3719"}],"curies":[{"name":"wp","href":"https:\/\/api.w.org\/{rel}","templated":true}]}}