{"id":3685,"date":"2018-12-17T17:04:28","date_gmt":"2018-12-17T17:04:28","guid":{"rendered":"https:\/\/imkerverein.haubenschild.de\/?page_id=3685"},"modified":"2018-12-17T17:13:04","modified_gmt":"2018-12-17T17:13:04","slug":"die-biene","status":"publish","type":"page","link":"https:\/\/imkerverein-wilnsdorf.de\/?page_id=3685","title":{"rendered":"Ein Portrait"},"content":{"rendered":"<div  class=\"tatsu-fya8tb2p96tsny7 tatsu-section    tatsu-clearfix\" data-title=\"\"  data-headerscheme=\"background--dark\"><div class='tatsu-section-pad clearfix' data-padding='{\"d\":\"90px 0px 90px 0px\"}' data-padding-top='90px'><div class=\"tatsu-row-wrap  tatsu-wrap tatsu-row-one-col tatsu-row-has-one-cols tatsu-medium-gutter tatsu-reg-cols  tatsu-clearfix tatsu-fya8tb2pb3c7s56w\" ><div  class=\"tatsu-row \" ><div  class=\"tatsu-column  tatsu-column-no-bg tatsu-one-col tatsu-column-image-none tatsu-column-effect-none  tatsu-fya8tb2pch3rmwll\" data-animation=\"fadeIn\"   data-parallax-speed=\"0\" style=\"\"><div class=\"tatsu-column-inner \" ><div class=\"tatsu-column-pad-wrap\"><div class=\"tatsu-column-pad\" ><div  class=\"tatsu-module tatsu-text-block-wrap tatsu-fya8tb2pe4tf41n  \"><div class=\"tatsu-text-inner tatsu-align-center  clearfix\" data-animation=\"fadeIn\"  ><style>.tatsu-fya8tb2pe4tf41n.tatsu-text-block-wrap .tatsu-text-inner{width: 100%;text-align: left;}<\/style><p><\/p>\n<p><img decoding=\"async\" loading=\"lazy\" class=\"size-medium wp-image-3345 alignleft\" src=\"http:\/\/test.imkerverein-wilnsdorf.de\/wp-content\/uploads\/2018\/10\/IMG_6599-300x202.jpg\" alt=\"\" width=\"300\" height=\"202\" srcset=\"https:\/\/imkerverein-wilnsdorf.de\/wp-content\/uploads\/2018\/10\/IMG_6599-300x202.jpg 300w, https:\/\/imkerverein-wilnsdorf.de\/wp-content\/uploads\/2018\/10\/IMG_6599-768x516.jpg 768w, https:\/\/imkerverein-wilnsdorf.de\/wp-content\/uploads\/2018\/10\/IMG_6599-74x50.jpg 74w, https:\/\/imkerverein-wilnsdorf.de\/wp-content\/uploads\/2018\/10\/IMG_6599-650x437.jpg 650w, https:\/\/imkerverein-wilnsdorf.de\/wp-content\/uploads\/2018\/10\/IMG_6599.jpg 1000w\" sizes=\"(max-width: 300px) 100vw, 300px\" \/>In einem Bienenvolk leben im Sommer ca. 50.000-60.000 Bienen, die meisten sind Arbeiterinnen. Diese sammeln Nektar und Pollen von Pflanzen, \u00fcbernehmen die Arbeiten im Stock und verteidigen das Volk vor Feinden. Ein Bienenvolk hat nur eine K\u00f6nigin. Sie ist die einzige Biene, die fruchtbar ist und bis zu 2.000 Eier t\u00e4glich legen kann. Die K\u00f6nigin kann im Gegensatz zu den Arbeiterinnen, die nur wenige Wochen alt werden, mehrere Jahre alt werden. Neben den Arbeiterinnen gibt es nat\u00fcrlich noch die m\u00e4nnlichen Bienen \u2013 die sogenannten Drohnen. Ohne Best\u00e4ubung der Honigbiene w\u00e4re eine Pflanzenvielfalt, wie wir sie kennen, undenkbar.<\/p>\n<p><\/p>\n<p><\/p>\n<p><strong>Bienenflei\u00dfig<\/strong><\/p>\n<p><\/p>\n<p><\/p>\n<p>Im Bienenvolk herrscht ein hohes Ma\u00df an Arbeitsteilung. Eine Arbeiterinn verrichtet im Laufe ihres ca. 6-w\u00f6chigen Lebens (im Sommer) verschiedene Arbeiten: Zuerst s\u00e4ubert sie Waben und f\u00fcttert die heranwachsenden Larven mit einem Dr\u00fcsensekret. Danach \u00fcbernimmt sie die Verarbeitung der gesammelten Vorr\u00e4te, wie Nektar und Pollen. Nach 10 Tagen beginnt die Biene Wachs zu produzieren und widmet sie sich dann vor allem dem Wabenbau. Nachdem sie als W\u00e4chterbiene t\u00e4tig war, fliegt sie nach ca. 3 Wochen aus, um die Ressourcen im Bienenstock aufzuf\u00fcllen: Sie sammelt Nektar, Pollen und Wasser. Im Winter jedoch ruhen all diese T\u00e4tigkeiten und die Bienen zehren von den Vorr\u00e4ten, die sie \u00fcber die Sommermonate hin gesammelt. Bei gro\u00dfer K\u00e4lte bildet das Volk eine Wintertraube, um sich gegenseitig zu w\u00e4rmen.<\/p>\n<p><\/p><\/div><\/div><\/div><\/div><div class = \"tatsu-column-bg-image-wrap\"><div class = \"tatsu-column-bg-image\" ><\/div><\/div><\/div><style>.tatsu-row > .tatsu-fya8tb2pch3rmwll.tatsu-column{width: 100%;}.tatsu-fya8tb2pch3rmwll.tatsu-column > .tatsu-column-inner > .tatsu-column-overlay{mix-blend-mode: none;}.tatsu-fya8tb2pch3rmwll > .tatsu-column-inner > .tatsu-top-divider{z-index: 9999;}.tatsu-fya8tb2pch3rmwll > .tatsu-column-inner > .tatsu-bottom-divider{z-index: 9999;}.tatsu-fya8tb2pch3rmwll > .tatsu-column-inner > .tatsu-left-divider{z-index: 9999;}.tatsu-fya8tb2pch3rmwll > .tatsu-column-inner > .tatsu-right-divider{z-index: 9999;}.tatsu-fya8tb2pch3rmwll.tatsu-column{transform: translate3d(0px,0px, 0);}<\/style><\/div><\/div><\/div><\/div><div class=\"tatsu-section-background-wrap\"><div class = \"tatsu-section-background\" ><\/div><\/div><style>.tatsu-fya8tb2p96tsny7 .tatsu-section-pad{padding: 90px 0px 90px 0px;}.tatsu-fya8tb2p96tsny7 > .tatsu-bottom-divider{z-index: 9999;}.tatsu-fya8tb2p96tsny7 > .tatsu-top-divider{z-index: 9999;}<\/style><\/div>","protected":false},"excerpt":{"rendered":"<p><a href=\"https:\/\/imkerverein-wilnsdorf.de\/?page_id=3685\" class=\"more-link style1-button\">Weiterlesen<\/a><\/p>\n","protected":false},"author":1,"featured_media":0,"parent":3688,"menu_order":0,"comment_status":"closed","ping_status":"closed","template":"","meta":[],"_links":{"self":[{"href":"https:\/\/imkerverein-wilnsdorf.de\/index.php?rest_route=\/wp\/v2\/pages\/3685"}],"collection":[{"href":"https:\/\/imkerverein-wilnsdorf.de\/index.php?rest_route=\/wp\/v2\/pages"}],"about":[{"href":"https:\/\/imkerverein-wilnsdorf.de\/index.php?rest_route=\/wp\/v2\/types\/page"}],"author":[{"embeddable":true,"href":"https:\/\/imkerverein-wilnsdorf.de\/index.php?rest_route=\/wp\/v2\/users\/1"}],"replies":[{"embeddable":true,"href":"https:\/\/imkerverein-wilnsdorf.de\/index.php?rest_route=%2Fwp%2Fv2%2Fcomments&post=3685"}],"version-history":[{"count":9,"href":"https:\/\/imkerverein-wilnsdorf.de\/index.php?rest_route=\/wp\/v2\/pages\/3685\/revisions"}],"predecessor-version":[{"id":3699,"href":"https:\/\/imkerverein-wilnsdorf.de\/index.php?rest_route=\/wp\/v2\/pages\/3685\/revisions\/3699"}],"up":[{"embeddable":true,"href":"https:\/\/imkerverein-wilnsdorf.de\/index.php?rest_route=\/wp\/v2\/pages\/3688"}],"wp:attachment":[{"href":"https:\/\/imkerverein-wilnsdorf.de\/index.php?rest_route=%2Fwp%2Fv2%2Fmedia&parent=3685"}],"curies":[{"name":"wp","href":"https:\/\/api.w.org\/{rel}","templated":true}]}}