{"id":3671,"date":"2018-12-17T10:32:06","date_gmt":"2018-12-17T10:32:06","guid":{"rendered":"https:\/\/imkerverein.haubenschild.de\/?page_id=3671"},"modified":"2019-01-11T06:44:31","modified_gmt":"2019-01-11T05:44:31","slug":"3671-2","status":"publish","type":"page","link":"https:\/\/imkerverein-wilnsdorf.de\/?page_id=3671","title":{"rendered":"Vereinsabo"},"content":{"rendered":"\n<p>Wer im Imkerverein Wilnsdorf Mitglied ist, hat die M\u00f6glichkeit monatlichen Imkerzeitschriften g\u00fcnstiger zu beziehen.<\/p>\n\n\n\n<p><strong>Vereins-Abo &#8222;Bienen &amp; Natur&#8220; \u2013 dabei 20% sparen<\/strong><\/p>\n\n\n\n<p>Unsere Mitglieder profitieren vom Sammelbezug und zahlen im Jahresabonnement nur 33,60 \u20ac, statt 42,- \u20ac. Sparen Sie dabei 20% und nutzen Sie das g\u00fcnstigere Vereinsabo f\u00fcr die \u201edie Biene\u201c. Ihre Abonnementen erhalten Monat f\u00fcr Monat imkerliche Tipps und Tricks! Sie lesen alles \u00fcber ausf\u00fchrliche Monatsbetrachtungen, Bienenweide und Trachtpflanzen, Vermehrung und K\u00f6niginnenzucht, Betriebsweise und Technik, Bienengesundheit und vieles mehr.<\/p>\n\n\n\n<p>Eine Anmeldung richten Sie bitte immer bis zum Oktober an unseren Kassierer Karl-Baumgarten.<\/p>\n\n\n\n<p><a href=\"http:\/\/www.diebiene.de\/\" target=\"_blank\" rel=\"noreferrer noopener\">Link zur Zeitschrift<\/a><\/p>\n\n\n\n<p><strong>Vereins-Abo &#8222;Deutsches Bienen-Journal&#8220; \u2013 dabei 17% sparen<\/strong><\/p>\n\n\n\n<p>Unsere Mitglieder profitieren vom Sammelbezug und zahlen im Jahresabonnement nur 34,40 \u20ac, statt 43,- \u20ac. Sparen Sie dabei 17% und nutzen Sie das g\u00fcnstigere Vereinsabo f\u00fcr das \u201eDeutsche Bienen-Journal\u201c.<\/p>\n\n\n\n<p>Eine Anmeldung richten Sie bitte immer bis zum Oktober an unseren Kassierer Karl-Baumgarten.<\/p>\n\n\n\n<p><a href=\"http:\/\/www.bienenjournal.de\/\" target=\"_blank\" rel=\"noreferrer noopener\">Link zur Zeitschrift<\/a><\/p>\n","protected":false},"excerpt":{"rendered":"<p>Wer im Imkerverein Wilnsdorf Mitglied ist, hat die M\u00f6glichkeit monatlichen Imkerzeitschriften g\u00fcnstiger zu beziehen. Vereins-Abo &#8222;Bienen &amp; Natur&#8220; \u2013 dabei 20% sparen Unsere Mitglieder profitieren vom Sammelbezug und zahlen im [&hellip;]<\/p>\n<p><a href=\"https:\/\/imkerverein-wilnsdorf.de\/?page_id=3671\" class=\"more-link style1-button\">Weiterlesen<\/a><\/p>\n","protected":false},"author":1,"featured_media":0,"parent":3643,"menu_order":0,"comment_status":"closed","ping_status":"closed","template":"","meta":[],"_links":{"self":[{"href":"https:\/\/imkerverein-wilnsdorf.de\/index.php?rest_route=\/wp\/v2\/pages\/3671"}],"collection":[{"href":"https:\/\/imkerverein-wilnsdorf.de\/index.php?rest_route=\/wp\/v2\/pages"}],"about":[{"href":"https:\/\/imkerverein-wilnsdorf.de\/index.php?rest_route=\/wp\/v2\/types\/page"}],"author":[{"embeddable":true,"href":"https:\/\/imkerverein-wilnsdorf.de\/index.php?rest_route=\/wp\/v2\/users\/1"}],"replies":[{"embeddable":true,"href":"https:\/\/imkerverein-wilnsdorf.de\/index.php?rest_route=%2Fwp%2Fv2%2Fcomments&post=3671"}],"version-history":[{"count":3,"href":"https:\/\/imkerverein-wilnsdorf.de\/index.php?rest_route=\/wp\/v2\/pages\/3671\/revisions"}],"predecessor-version":[{"id":3971,"href":"https:\/\/imkerverein-wilnsdorf.de\/index.php?rest_route=\/wp\/v2\/pages\/3671\/revisions\/3971"}],"up":[{"embeddable":true,"href":"https:\/\/imkerverein-wilnsdorf.de\/index.php?rest_route=\/wp\/v2\/pages\/3643"}],"wp:attachment":[{"href":"https:\/\/imkerverein-wilnsdorf.de\/index.php?rest_route=%2Fwp%2Fv2%2Fmedia&parent=3671"}],"curies":[{"name":"wp","href":"https:\/\/api.w.org\/{rel}","templated":true}]}}